 5. What is the thousands digit of y(-6)?
4
Suppose -3*q = 5*w - 0*w - 2095, -4*w + q = -1659. What is the tens digit of w?
1
Suppose -m - 2*s + 185 - 4 = 0, 3*s - 704 = -4*m. What is the hundreds digit of m?
1
Let f be ((-465)/(-1))/((-15)/50*-5). Suppose 3*s + f = 8*s. What is the units digit of s?
2
What is the tens digit of -9*9/(-405)*7895?
7
Let w be (-1)/(-7) - ((-1010)/35 + 5). Suppose -n - 4*x = -20, 2*x + 28 = 2*n + 7*x. Suppose n*h = -0*h + w. What is the units digit of h?
6
Let c(a) = -a**3 - 5*a**2 + 7. Let l be c(-5). Let k(w) = w**2 + 4*w + 2. Let m(i) = 3*i**2 + 10. Let b(d) = 2*k(d) - m(d). What is the units digit of b(l)?
1
Suppose 0 = -4*t - 204 + 2152. Suppose 0 = -z - 4, -3*c + 7*z = 6*z - t. What is the units digit of c?
1
Suppose 2*z + 0*z = 0. What is the units digit of 1*(84 - 0) - z?
4
Suppose 55 = -5*r - b - 0*b, -3*b - 5 = -r. Let t be ((-15)/r)/(4/248). Suppose j - x = 23, 5*x - 4 = 4*j - t. What is the units digit of j?
6
Let f be (12/4)/(1/39). Suppose 3*t - 148 = t. Let r = f - t. What is the units digit of r?
3
Suppose 3*q - 5*f = -11, -2*q + 4*q - f + 5 = 0. Let z be q*23 + 7 + -8. Let i = z - -77. What is the tens digit of i?
3
Let l(u) = -u**3 - 7*u**2 - 3*u - 8. Let d be ((-6)/4)/(2/64*6). What is the units digit of l(d)?
0
Let m(o) = o**3 - 9*o**2 - 20*o + 4. Let y be m(11). Let s = y + 257. What is the tens digit of s?
8
Suppose 437 - 27 = 5*b. Let u = b + -65. What is the units digit of u?
7
Let z(k) = k**2 - 3*k + 8. Suppose -8 = 2*a - 12. What is the units digit of z(a)?
6
Let s(c) = 3*c**3 + 6*c**2 + 2*c + 19. What is the thousands digit of s(8)?
1
Let a(y) = 25*y + 31 + 26 - 59. Let k = 7 - 5. What is the tens digit of a(k)?
4
Let z be 11/(-44) + (-631)/4. Let w = z + 227. What is the tens digit of w?
6
Let q(s) = 6*s**2 + 2*s - 1. Let u be 2 + -2 + (-6)/(-3). Let r be q(u). Suppose -r = -3*o + 60. What is the units digit of o?
9
Let r(l) = -l**2 + 3*l + 17. Let q be r(6). What is the hundreds digit of (148/10)/(q/30*-3)?
1
Suppose -3410 = -5*u + 4270. What is the tens digit of u?
3
Let a(u) = u**2 + 4*u - 9. Let z be a(-6). What is the tens digit of z*(-3)/(-36) + 1212/16?
7
What is the tens digit of (-1225)/(-2) + 1/(-2)?
1
Let p = 156 + -64. Suppose 2*s = -0*s + p. Let d = s - 8. What is the units digit of d?
8
Let v = -1787 - -1035. Let d = v + 446. What is the tens digit of (2/4)/((-3)/d)?
5
Let c(d) = d**3 + 32*d**2 - 17*d - 55. What is the hundreds digit of c(-32)?
4
Let o(n) be the third derivative of 121*n**5/60 - n**4/8 + n**3/2 + 15*n**2. What is the tens digit of o(1)?
2
Let c(n) = -n**3 + 6*n**2 - n + 4. Let l be c(6). Let s be (26/(-2))/(1/l). Suppose s + 36 = 3*b - q, 3*b + 3*q = 42. What is the tens digit of b?
1
Let z(w) = -81*w - 170. What is the hundreds digit of z(-35)?
6
What is the units digit of 4/((-7)/126*-1)?
2
Suppose 10*t - 900 = 5*t. Let q be (1/(-3))/((-12)/t). Suppose c + 20 = 3*c - j, 5*c = q*j + 60. What is the units digit of c?
8
Suppose -2*s - 3653 = -7*s - g, 0 = -s - 5*g + 745. What is the tens digit of s?
3
Let t(v) = 12*v**3 + 8*v**2 - 6*v - 5. What is the units digit of t(6)?
9
Suppose 2*d + b = 1340, -2*b - 1918 = -5*d + 1414. What is the hundreds digit of d?
6
Let b(q) = 18*q - 5. Let s be b(-2). Let o = s + 33. What is the units digit of (-9)/o*-2*-28?
3
Let g be (-753 - -9)*6/(-4). What is the units digit of (2/8)/(3/g)?
3
Let i(b) = -b**2 + 56*b + 85. What is the hundreds digit of i(39)?
7
Let d(l) = 12*l**2 + 20*l - 18. What is the tens digit of d(8)?
1
Suppose 0 = 3*b - 5 - 7. Let z(d) = -d**3 + 14*d**2 - 20*d - 46. Let t be z(12). Suppose b*j = -t*j + 54. What is the units digit of j?
9
Let h(x) = -3*x**2 - 21 + x**2 + 0*x**2 + 11*x + 3*x**2. What is the units digit of h(-19)?
1
Let x(b) = 4 - 9 + 6*b - 3*b. Let l be x(5). Suppose 5*a - l*a + 345 = 0. What is the units digit of a?
9
Let j be (14/4)/((-5)/(-10)). Let c = j - 0. What is the units digit of c?
7
What is the hundreds digit of 557 + (1 - -1)/(4/(-8))?
5
Let f(u) be the third derivative of u**5/30 + u**4/24 - 7*u**3/3 - 2*u**2. What is the units digit of f(6)?
4
Let t = -373 + 716. What is the tens digit of t?
4
Let k = -68 + 69. Suppose 7 + 93 = -5*r. What is the units digit of (r/14)/(k/(-14))?
0
Let i = 605 - -216. What is the hundreds digit of i?
8
Suppose -11*a - 462 = -3091. Suppose 2*h = 2, h - a = -2*k + 206. What is the units digit of k?
2
Let s(t) = t**2 - 16*t - 8. Let c be s(-5). Suppose 0*w - 90 = -2*w. Let h = c - w. What is the tens digit of h?
5
What is the hundreds digit of ((-46)/(-16))/(10/40)*236?
7
Suppose -4*k = 16, -7 = -3*l + k - 0. Let q be l/(-1) + 63/(-3). Let f = q - -25. What is the units digit of f?
3
Let v = -5923 - -9841. What is the units digit of v?
8
What is the tens digit of 3876 + ((-35)/105)/((-2)/(-6))?
7
Let b(x) = -5*x - 3. Let f be (-6)/(-9) - (-6)/(-9). Let u = -3 + f. What is the tens digit of b(u)?
1
Suppose -2*k - 6 = 5*c, k + 2*c + 3 = -0*c. What is the units digit of ((42/9)/(k/9))/(-1)?
4
Suppose 6*q = 6121 + 4229. What is the thousands digit of q?
1
Suppose 5*d + 4*k = 3236, 50*d - 49*d - 4*k - 652 = 0. What is the units digit of d?
8
Let i(p) = -p**2 + 41*p + 38. What is the tens digit of i(18)?
5
Let h = -126 - -65. Let d = h - -114. What is the tens digit of d?
5
Suppose 4*q + 6 = -0*q + 3*d, -d + 2 = 0. Suppose -4*l + 1068 - 160 = q. What is the units digit of l?
7
Let t(l) = 4*l**2 + 4*l. Let s be t(-2). Let j(g) = -3*g + 12. Let r be j(s). Let z(m) = m**2 + 10*m - 8. What is the tens digit of z(r)?
1
Let f(w) = w**2 + 7*w + 9. Let b be f(-7). Let x = b + -26. What is the tens digit of x/(-51)*39/1?
1
Suppose -15*c + 4986 = -6054. What is the tens digit of c?
3
Let p(l) = -l + 5. Let s be p(2). Suppose 4*r + 2*d - 24 = 0, 28 = s*r - d - 0*d. Suppose r = -4*o + 6*o. What is the units digit of o?
4
Let a = 12 - 3. Let i be 3/(((-81)/(-120))/a). Let m = -29 + i. What is the tens digit of m?
1
Let o(i) = 166*i - 3. Let q be o(1). What is the tens digit of q + (0 + -3 + 1 - 2)?
5
Let h(f) = f**3 - 8*f**2 + 4. Let c be h(8). Suppose 3*t - 5 = c*s + 1, -4*t = 4*s + 20. Let w = 6 + s. What is the units digit of w?
3
Suppose -1 + 5 = -g. Let w be 6 - g*4/(-16). Suppose -5*t = s + 2, -w*s - 5*t + 70 = -0*t. What is the tens digit of s?
1
Suppose 58*m - 65*m = -4529. What is the tens digit of m?
4
Let v(x) = 3*x - 18. Let w(a) = 2*a - 9. Let t(s) = 3*v(s) - 5*w(s). Let f be t(-4). What is the units digit of 1/(f/(-345)*1)?
9
Suppose -5*n + 6 + 4 = m, 5 = m. Let y be (2 + -4)/n - -7. Suppose -10*w = -y*w - 250. What is the units digit of w?
0
Suppose 4*g = -p + 12, 0 = 4*p - 3*p + g - 3. Suppose p*l - 6 = -l. What is the units digit of l/(-4)*8/(-12)?
1
Let v(s) be the third derivative of s**5/20 - 5*s**4/24 + 23*s**2. What is the tens digit of v(6)?
7
Let x = 53 - 36. What is the tens digit of 34386/187 + 2/x?
8
Let s be (75/(-10))/((-3)/78). Suppose -4*o + s = -1. Suppose f + o = 8*f. What is the units digit of f?
7
Let y(o) = -o + 2*o - 2 + 4*o. Suppose -2*h + 4*u = -5*h + 12, -5*u - 16 = -4*h. What is the units digit of y(h)?
8
Let o = -3 + 1. Let g be (-42)/(-9) + o/(-6). Let s = g + 4. What is the units digit of s?
9
Suppose 0*f = 3*f. Suppose 4*v - 10 - 10 = f. What is the units digit of v?
5
Suppose 12668 + 1682 = 10*l. What is the thousands digit of l?
1
Let l = 1844 + -1014. What is the hundreds digit of l?
8
Let z(m) be the third derivative of 13*m**4/12 + m**2. Suppose -569*t = -562*t - 7. What is the tens digit of z(t)?
2
Let p be 13/(4/((-16)/(-4))). What is the tens digit of (26/p)/(2/20)?
2
Let f(n) = 144*n - 191. What is the tens digit of f(6)?
7
Let z = -13 - -21. Suppose 2 = 5*j - z. Let v = 3 + j. What is the units digit of v?
5
Let r(w) = 29*w**2 + 4*w - 16. What is the tens digit of r(3)?
5
What is the hundreds digit of 916/6*11/(22/3)?
2
Let m be ((-10)/(-20))/((-1)/(-4)). Suppose m*f = -3*v + 135, 2*v = -0*v + 2. What is the tens digit of f?
6
Suppose -70*r - 96792 = -107*r. What is the thousands digit of r?
2
Let p(u) = u + 18. Let w be p(0). Let y = 20 - w. What is the tens digit of (1 - -42)/1 - y?
4
Let q be (-7*2 - -4)*-1. Suppose -4*g = -q*g + 384. What is the tens digit of g?
6
Let i(q) = -q + 30. Let t be i(18). Wh